{"id":103,"date":"2026-02-10T09:44:40","date_gmt":"2026-02-10T09:44:40","guid":{"rendered":"https:\/\/oxipro-nettoyage.fr\/?page_id=103"},"modified":"2026-02-10T09:44:40","modified_gmt":"2026-02-10T09:44:40","slug":"politique-de-confidentialite","status":"publish","type":"page","link":"https:\/\/oxipro-nettoyage.fr\/index.php\/politique-de-confidentialite\/","title":{"rendered":"Politique de confidentialit\u00e9"},"content":{"rendered":"\n<div class=\"wp-block-group alignwide has-global-padding is-layout-constrained wp-block-group-is-layout-constrained\">\n<p>La pr\u00e9sente politique de confidentialit\u00e9 est fond\u00e9e sur le <strong>R\u00e8glement UE 2016\/679 relatif \u00e0 la protection des donn\u00e9es (RGPD)<\/strong> ainsi que sur votre consentement \u00e9clair\u00e9. Elle a pour objectif de vous informer sur le traitement de vos donn\u00e9es \u00e0 caract\u00e8re personnel.<\/p>\n\n\n\n<p>Cette politique de confidentialit\u00e9 ne s&rsquo;applique qu&rsquo;aux renseignements recueillis par le pr\u00e9sent site, bien que ce dernier puisse contenir des liens vers d&rsquo;autres sites externes. Vous comprenez bien que nous ne pouvons vous garantir que ces sites appliquent la m\u00eame politique que nous en mati\u00e8re de respect de la vie priv\u00e9e, c&rsquo;est pourquoi nous vous engageons \u00e0 prendre connaissance des politiques de confidentialit\u00e9 des sites web que vous seriez amen\u00e9(e) \u00e0 visiter \u00e0 partir de celui-ci avant de remettre vos donn\u00e9es personnelles.<\/p>\n\n\n\n<p>Nous nous r\u00e9servons la possibilit\u00e9 de modifier \u00e0 tout moment cette politique de confidentialit\u00e9, ces modifications entrant en vigueur imm\u00e9diatement. \u00c0 chaque nouvelle utilisation du pr\u00e9sent site, vous vous soumettez \u00e0 la politique de confidentialit\u00e9 en vigueur.<\/p>\n\n\n\n<p>Aussi, nous vous invitons \u00e0 relire r\u00e9guli\u00e8rement cette page afin de maintenir votre consentement.<\/p>\n\n\n\n<hr class=\"wp-block-separator has-alpha-channel-opacity\"\/>\n\n\n\n<h2 class=\"wp-block-heading\">Quels renseignements sont collect\u00e9s sur ce site ?<\/h2>\n\n\n\n<p>Lorsque vous visitez un site internet, vous demeurez anonyme. Les informations collect\u00e9es au cours de votre navigation servent \u00e0 analyser votre comportement sur ce site et l&rsquo;usage que vous en avez afin d&rsquo;am\u00e9liorer votre exp\u00e9rience utilisateur.<\/p>\n\n\n\n<p>Les autres donn\u00e9es personnelles que nous collectons, telles que vos nom, pr\u00e9nom, adresse postale, num\u00e9ro de t\u00e9l\u00e9phone ou adresse mail, ne sont collect\u00e9es que si vous acceptez de nous les fournir, par exemple lorsque vous remplissez un formulaire de contact, demandez un devis ou souhaitez \u00eatre recontact\u00e9(e).<\/p>\n\n\n\n<p>Nous nous engageons par ailleurs \u00e0 ne recueillir que les informations strictement n\u00e9cessaires au traitement de votre demande.<\/p>\n\n\n\n<hr class=\"wp-block-separator has-alpha-channel-opacity\"\/>\n\n\n\n<h2 class=\"wp-block-heading\">Pourquoi collectons-nous vos donn\u00e9es personnelles ?<\/h2>\n\n\n\n<p>Nous collectons vos donn\u00e9es personnelles afin de :<\/p>\n\n\n\n<ul class=\"wp-block-list\">\n<li>G\u00e9rer la relation client (devis, commande, demande de renseignements, etc.)<\/li>\n\n\n\n<li>Assurer le suivi de notre information (newsletter, mises \u00e0 jour, etc.)<\/li>\n<\/ul>\n\n\n\n<hr class=\"wp-block-separator has-alpha-channel-opacity\"\/>\n\n\n\n<h2 class=\"wp-block-heading\">Comment vos donn\u00e9es \u00e0 caract\u00e8re personnel sont-elles utilis\u00e9es ?<\/h2>\n\n\n\n<p>Nous nous engageons \u00e0 respecter la stricte confidentialit\u00e9 de vos donn\u00e9es personnelles et \u00e0 les utiliser uniquement pour les finalit\u00e9s pour lesquelles vous avez accept\u00e9 de nous les communiquer. Toutefois, elles ne seront pas conserv\u00e9es plus longtemps que n\u00e9cessaire, soit durant toute la dur\u00e9e de notre collaboration augment\u00e9e du d\u00e9lai de prescription l\u00e9gale. Apr\u00e8s quoi, elles seront d\u00e9truites.<\/p>\n\n\n\n<p>Nous pouvons \u00eatre amen\u00e9s \u00e0 les transf\u00e9rer \u00e0 des tiers tels que notre prestataire informatique ou notre h\u00e9bergeur. Nous vous garantissons cependant qu&rsquo;elles seront transf\u00e9r\u00e9es selon un protocole s\u00e9curis\u00e9 et trait\u00e9es par ces derniers avec le plus grand soin et le maximum de s\u00e9curit\u00e9.<\/p>\n\n\n\n<hr class=\"wp-block-separator has-alpha-channel-opacity\"\/>\n\n\n\n<h2 class=\"wp-block-heading\">Quels sont vos droits ?<\/h2>\n\n\n\n<p>Vous avez le droit de ne pas vouloir nous communiquer de donn\u00e9es personnelles. Dans ce cas, vous pourrez naviguer sur ce site, mais vous n\u2019aurez pas acc\u00e8s \u00e0 l&rsquo;ensemble de ses fonctionnalit\u00e9s (demander un devis, \u00eatre recontact\u00e9(e), etc.).<\/p>\n\n\n\n<p>Vous avez un <strong>droit d&rsquo;acc\u00e8s, de correction et de retrait<\/strong> de vos donn\u00e9es personnelles. Vous pouvez exercer ce droit, par exemple en nous demandant de les rectifier, de les compl\u00e9ter, de les mettre \u00e0 jour ou de les supprimer, en nous contactant \u00e0 l&rsquo;adresse suivante :<\/p>\n\n\n\n<p><strong><a>oxipro.nettoyage@gmail.com<\/a><\/strong><\/p>\n\n\n\n<p>et en joignant \u00e0 votre demande une copie d&rsquo;une pi\u00e8ce d&rsquo;identit\u00e9 en cours de validit\u00e9 (carte d&rsquo;identit\u00e9, passeport ou permis de conduire).<\/p>\n\n\n\n<p>Vous avez le droit d&rsquo;introduire une r\u00e9clamation aupr\u00e8s de la <strong>CNIL<\/strong> si vous l&rsquo;estimez n\u00e9cessaire. Pour cela, vous pouvez consulter leur site internet : <a href=\"https:\/\/www.cnil.fr\">www.cnil.fr<\/a>.<\/p>\n\n\n\n<p>Vous avez \u00e9galement un <strong>droit \u00e0 la portabilit\u00e9<\/strong> de vos donn\u00e9es personnelles. Vous pouvez, \u00e0 la m\u00eame adresse, demander \u00e0 ce que l&rsquo;on vous restitue sur un support utilisable toutes les donn\u00e9es personnelles que vous nous avez fournies, par exemple pour les transf\u00e9rer \u00e0 un tiers.<\/p>\n\n\n\n<p>Enfin, vous avez un <strong>droit d&rsquo;opposition<\/strong> au traitement de vos donn\u00e9es pour des motifs l\u00e9gitimes, ainsi qu&rsquo;un droit d&rsquo;opposition \u00e0 ce que ces donn\u00e9es soient utilis\u00e9es \u00e0 d&rsquo;autres fins que celles auxquelles vous avez consenti(e). Vous pouvez exercer ce droit en contactant le responsable du traitement \u00e0 : <strong><a>oxipro.nettoyage@gmail.com<\/a><\/strong>.<\/p>\n\n\n\n<hr class=\"wp-block-separator has-alpha-channel-opacity\"\/>\n\n\n\n<h2 class=\"wp-block-heading\">Et si j&rsquo;ai encore des questions ?<\/h2>\n\n\n\n<p>Pour toutes questions concernant cette politique de confidentialit\u00e9 ou vos donn\u00e9es \u00e0 caract\u00e8re personnel, n&rsquo;h\u00e9sitez pas \u00e0 nous contacter \u00e0 <strong><a>oxipro.nettoyage@gmail.com<\/a><\/strong><\/p>\n\n\n\n<p><\/p>\n<\/div>\n\n\n\n<p><\/p>\n","protected":false},"excerpt":{"rendered":"<p>La pr\u00e9sente politique de confidentialit\u00e9 est fond\u00e9e sur le R\u00e8glement UE 2016\/679 relatif \u00e0 la protection des donn\u00e9es (RGPD) ainsi que sur votre consentement \u00e9clair\u00e9. Elle a pour objectif de vous informer sur le traitement de vos donn\u00e9es \u00e0 caract\u00e8re personnel. Cette politique de confidentialit\u00e9 ne s&rsquo;applique qu&rsquo;aux renseignements recueillis par le pr\u00e9sent site, bien [&hellip;]<\/p>\n","protected":false},"author":1,"featured_media":0,"parent":0,"menu_order":0,"comment_status":"closed","ping_status":"closed","template":"","meta":{"_uag_custom_page_level_css":"","footnotes":""},"class_list":["post-103","page","type-page","status-publish","hentry"],"uagb_featured_image_src":{"full":false,"thumbnail":false,"medium":false,"medium_large":false,"large":false,"1536x1536":false,"2048x2048":false},"uagb_author_info":{"display_name":"admin2791","author_link":"https:\/\/oxipro-nettoyage.fr\/index.php\/author\/admin2791\/"},"uagb_comment_info":0,"uagb_excerpt":"La pr\u00e9sente politique de confidentialit\u00e9 est fond\u00e9e sur le R\u00e8glement UE 2016\/679 relatif \u00e0 la protection des donn\u00e9es (RGPD) ainsi que sur votre consentement \u00e9clair\u00e9. Elle a pour objectif de vous informer sur le traitement de vos donn\u00e9es \u00e0 caract\u00e8re personnel. Cette politique de confidentialit\u00e9 ne s&rsquo;applique qu&rsquo;aux renseignements recueillis par le pr\u00e9sent site, bien\u2026","_links":{"self":[{"href":"https:\/\/oxipro-nettoyage.fr\/index.php\/wp-json\/wp\/v2\/pages\/103","targetHints":{"allow":["GET"]}}],"collection":[{"href":"https:\/\/oxipro-nettoyage.fr\/index.php\/wp-json\/wp\/v2\/pages"}],"about":[{"href":"https:\/\/oxipro-nettoyage.fr\/index.php\/wp-json\/wp\/v2\/types\/page"}],"author":[{"embeddable":true,"href":"https:\/\/oxipro-nettoyage.fr\/index.php\/wp-json\/wp\/v2\/users\/1"}],"replies":[{"embeddable":true,"href":"https:\/\/oxipro-nettoyage.fr\/index.php\/wp-json\/wp\/v2\/comments?post=103"}],"version-history":[{"count":1,"href":"https:\/\/oxipro-nettoyage.fr\/index.php\/wp-json\/wp\/v2\/pages\/103\/revisions"}],"predecessor-version":[{"id":104,"href":"https:\/\/oxipro-nettoyage.fr\/index.php\/wp-json\/wp\/v2\/pages\/103\/revisions\/104"}],"wp:attachment":[{"href":"https:\/\/oxipro-nettoyage.fr\/index.php\/wp-json\/wp\/v2\/media?parent=103"}],"curies":[{"name":"wp","href":"https:\/\/api.w.org\/{rel}","templated":true}]}}